e -3 - 3 = -w*s. Suppose -y + 6 = s*y. Let i(d) = d**3 - d**2 + 2. What is i(y)?
6
Let c(p) = -2 - 13*p - 3*p + 15 + 14*p. Calculate c(9).
-5
Let u = 1 + -5. Let f be ((-2)/6)/(u/36). Suppose -f*d + 4*d + 34 = -5*q, -5*q + 2*d - 22 = 0. Let x(a) = a**2 + 8*a + 3. Determine x(q).
-9
Let u = -48 - -55. Let m(g) = 4*g**2 - 3 + 0*g**2 - g**3 + 3*g**2. Determine m(u).
-3
Suppose 3*g = 3*f - 27, 4*g - 6*g + 18 = 2*f. Let c(q) = -q - 10. What is c(f)?
-19
Let f(q) = 2*q**3 + 3*q**2 + 2*q - 10. Let k(x) = -x**3 + x**2 + 1. Let c(t) = f(t) + 3*k(t). Let n(a) = a**2 + 35*a + 6. Let g be n(-35). Give c(g).
5
Let m = -1 - -1. Let v(o) = m*o - 2*o + 5*o**2 + 0 + 2 + 7*o + o**3. Give v(-3).
5
Let c(b) = -3 - 1 + b - 1. Let h be ((-3)/(-5))/(5/(-350)*-7). Determine c(h).
1
Let z(o) = 4*o. Suppose 0 = 2*v + 6*u - 7*u + 7, -4*u + 19 = -5*v. Calculate z(v).
-12
Let i = -5 - 1. Let p = 1 + i. Let l(s) = -2*s**3 + 7*s**2 - 7*s - 2. Let o(t) = t**3 - 6*t**2 + 7*t + 3. Let f(g) = -2*l(g) - 3*o(g). What is f(p)?
5
Let h(c) = 36*c**2 - 7*c + 3. Let n(g) = -54*g**2 + 11*g - 5. Let y(z) = 8*h(z) + 5*n(z). Calculate y(-1).
18
Suppose -5*w - 11 = 2*n, n = 4*w + 11 + 16. Let t(l) = -l + 13. What is t(n)?
6
Let r(j) = j**2 - 3*j - 7. Let d be r(6). Let n = -10 + d. Let a(x) = 7*x**2 - 5*x + 5. Let f(w) = -w + 1. Let v(p) = -a(p) + 4*f(p). Determine v(n).
-7
Let q(i) = 8*i. Suppose 0*h + 1 = h. Give q(h).
8
Suppose -4*x + x - 2 = 5*w, 5*x = 5. Let f(i) be the second derivative of -i**5/5 + i**4/12 + i**3/6 - i. What is f(w)?
4
Let n(q) = q**2 + q - 1. Let t(w) = -w + 7. Let a be t(6). Let c(l) = -5*l**2 - 13*l + 8. Let p(g) = a*c(g) + 6*n(g). Give p(7).
2
Let l(i) = i**3 + 3*i**2 + 3*i + 3. Let g = 10 - 8. Let j(a) = -1 + 11*a - a**g - 4*a - 2. Let c be j(7). Give l(c).
-6
Let d(w) = 6*w + 2 - 1 + 4 + w**2 - 4. Let q be (0 + 1)/((-2)/6). What is d(q)?
-8
Let h(d) = d**2 - d. Let l(v) = -10*v**3 - 3*v**3 - 2 - 9*v**2 + 12*v**3 + 3*v**2. Let q be (1/2)/(1/(-2)). Let p(j) = q*l(j) - 2*h(j). Calculate p(-3).
5
Let t(g) = 3*g + 1. Let x(b) = b**2 + 4*b - 3. Let m be x(1). Calculate t(m).
7
Let u(a) = -a**2 - 12*a - 20. Let t be u(-10). Let v(x) = -x**2 - 8. Determine v(t).
-8
Let g(z) be the third derivative of 0 + 1/3*z**3 + 1/12*z**4 - 6*z**2 + 0*z. Calculate g(2).
6
Suppose 5*t + 10 + 10 = 0. Suppose 5*d - 7 = 4*q + 14, 13 = 3*d - 2*q. Let b(u) = -d + 0*u + 3*u - 5*u. Determine b(t).
3
Let l(c) = -4*c**3 + c**3 + 4*c**3 + 3*c**2 - 3*c. Let r = -4 - -4. Let q be (r + (-12)/(-15))*-5. Give l(q).
-4
Let r(g) = 4*g + 13. Let w(q) = 7*q + 25. Let t(l) = 5*r(l) - 3*w(l). What is t(-7)?
-3
Let j(k) = -481*k + 242*k + 3 + 238*k - 1. What is j(-6)?
8
Let z(r) = 7*r - 3. Let k(p) = 1. Let s(n) = -n - 12. Let d be s(-9). Let l(o) = d*k(o) - z(o). Let v(y) = -y**2. Let t be v(1). Calculate l(t).
7
Let c = 31 - 13. Let f be (-6)/c - 32/(-6). Let l(u) = -f + 0*u - u + 4*u - u. Determine l(6).
7
Let u(p) = p**2 - 5. Let r be u(0). Let b(f) = -2*f**3 - 5*f**2 - 5*f + 9. Let g(w) = -w**3 - 2*w**2 - 3*w + 4. Let a(h) = 3*b(h) - 5*g(h). Calculate a(r).
7
Let v(d) be the third derivative of d**5/60 + 5*d**4/24 - 5*d**3/6 - d**2. Let a = -5 - -4. Let q be (4 - (0 + a))/(-1). Calculate v(q).
-5
Let x(s) be the second derivative of s**7/2520 - 7*s**6/720 + s**5/24 + s**4/12 - s. Let i(p) be the third derivative of x(p). What is i(5)?
-5
Let c(s) = -3*s**3 + 5*s**2 + 7*s + 6. Let x(k) = 5*k**3 - 9*k**2 - 13*k - 11. Let g(n) = 11*c(n) + 6*x(n). Suppose -2*z = 4*z - 6. Determine g(z).
-3
Let o(i) = 4*i + 2. Let t be o(-1). Let z(s) = -s**3 - s**2 - s. What is z(t)?
6
Let n be ((-6)/10)/(-1 + (-4)/(-5)). Let r(q) be the second derivative of 1/6*q**3 - 1/2*q**2 - n*q + 0. What is r(-5)?
-6
Let a(q) = -q**2 + 5*q - 2. Let w = -3 - -7. Let i be a(w). Let v(m) = -m + i*m**2 + m**2 - 2*m**2. Give v(0).
0
Let v(z) = -2 - 4*z - 1 - 9*z + 7*z. Calculate v(-2).
9
Let s(j) = -j**3 + 4*j**2 + 6*j - 1. Suppose -10*b = -6*b - 20. What is s(b)?
4
Suppose -3*s - 4*s = 42. Let x(v) = v**3 + 7*v**2 + 8*v + 6. Calculate x(s).
-6
Let h(a) = -a**2 + 6*a + 5. Let k be 4/(-6) + (-100)/(-15). Calculate h(k).
5
Suppose l = 5*l - 12. Suppose l*n = 2*n + 3. Let b(y) = -2 - y + 0*y**2 - y - y**3 + 3*y**2. Calculate b(n).
-8
Let w(j) = -j**3 + 3*j**2 + 1. Let l(i) = i**3 - 2*i**2 - i - 1. Let z(v) = -2*l(v) - 3*w(v). Suppose 39 = 2*s + s. Let c(b) = b - 11. Let t be c(s). Give z(t).
-9
Let x be 46/(-14) + 16/56. Let k = -7 - x. Let i(q) = 3*q**3 + 3*q - 3 - 4*q**3 - 3*q**2 - q. Calculate i(k).
5
Let s(w) = -961 + 961 - w**3 + 3*w**2 - 2*w. Let v be (4/(-10) + 0)*-5. What is s(v)?
0
Let f(g) = -8*g - 2*g + 12*g + 3. What is f(-7)?
-11
Let a(k) = 2*k - 23. Let d(h) = h - 11. Let u(z) = 6*a(z) - 13*d(z). What is u(4)?
1
Let c(a) = -a**2 + a. Let o(m) = 2*m**2 - m - 1. Let t(y) = -c(y) + o(y). Let w(l) = 5*l**2 - 5*l - 3. Let q(r) = -7*t(r) + 4*w(r). Calculate q(-5).
0
Let a(x) = -4 + 5 + 4 - 2*x. What is a(5)?
-5
Let l(a) = a**3 - 5*a**2 - 3 + 4 + 7*a + 0*a - 2*a. Give l(4).
5
Let i = 5 + 0. Let t be 2*-1 + -8 + i. Let p(g) = g**2 + 5*g + 2. What is p(t)?
2
Let s(u) = -4*u + 3. Let j(z) = -z + 1. Let o(a) = -3*j(a) + s(a). Let p = 34 - 24. Suppose y - p = -y. Give o(y).
-5
Suppose -27 - 8 = -5*n. Let y be n/(-4) + (-3)/12. Let p(a) = -a**2 - 2*a. What is p(y)?
0
Let t(s) = -s + 3. Let c be t(7). Let x(o) = -1 - 4*o**2 + 5*o + 0*o**2 - o**3 + 7 - 2*o. What is x(c)?
-6
Suppose 0 = 8*x + 10 + 38. Let c(d) = -d**3 - 7*d**2 - 8*d - 8. What is c(x)?
4
Let y(q) = q**3 - 5*q**2 + q - 2. Suppose 3*b - i - 19 = 0, -2*b + 0*b = 3*i + 2. Let p be y(b). Suppose -k = -0*k - p. Let o(r) = r**2 - 2*r - 1. What is o(k)?
2
Suppose -x - 5*b + 6 = -6, -x - 4*b + 10 = 0. Let z(l) = -l**3 + 4*l - 2*l + 4*l**x + 4*l - 2. Calculate z(5).
3
Let v(r) = r**2 - 9*r + 14. Let n be v(5). Let t(p) = -p**3 - 6*p**2 - p - 1. Determine t(n).
5
Let z = 1 + -5. Let q be 2*1/2*z. Let t(k) = -k - 8. Calculate t(q).
-4
Let g(l) = -l**2 - 1. Let d(w) = -7*w**2 - 4*w - 4. Let a(v) = -d(v) + 4*g(v). Calculate a(-3).
15
Let a be (-99)/(-21) - 4/(-14). Let v(n) = n**2 - 6*n - 2. Give v(a).
-7
Let b be ((-20)/(-6))/((-2)/(-3)*1). Let u(z) = z**2 - 5*z + 6. Calculate u(b).
6
Let k be -3 + (22/4 - 2). Let p(d) be the first derivative of d - k*d**2 + 1 - 2/3*d**3. What is p(-2)?
-5
Let y(b) = -32*b**2 - 4 + 9*b + 1 + 24*b**2 + b**3. Calculate y(7).
11
Let u = -61 - -55. Suppose -4 - 2 = -3*o. Let d(a) = -a**o - 8 + 0*a**2 - 8*a - 1. Give d(u).
3
Let d(t) = t - 1. Let k(b) = -5*b - 33. Let w be k(-6). Calculate d(w).
-4
Let y(r) = -3*r**2 - 4*r**3 + 3 + 3*r**3 - r**2. What is y(-3)?
-6
Let k(z) = z. Let f be -2 + 1/(2/(-6)). Let c = f - -7. What is k(c)?
2
Let l(j) be the second derivative of -j**5/60 + j**4/24 - j**3 - j**2/2 + 6*j. Let x(i) be the first derivative of l(i). Give x(0).
-6
Let f = 8 + -2. Let s(i) = f*i**3 + 1 - 2*i + i + i**2 + 0. Calculate s(1).
7
Suppose 3*w - 9 = 6. Let k(b) be the first derivative of b**4/4 - 5*b**3/3 + b**2 + 2*b - 6. Give k(w).
12
Let f(j) = j**2 + 3*j - 7. Let n(w) = -w**2 - 6*w + 11. Let x be n(-8). What is f(x)?
3
Let d(k) be the third derivative of -k**4/6 + k**2. Give d(-2).
8
Let x be 1/4 - 7/(-4). Let y(q) = 3 + 3*q - x*q + 4*q - 4*q. Give y(-5).
-2
Let t(b) = -b**2 + 5*b + 5. Let c(a) = -3*a + 6. Let i be c(5). Let z = -4 - i. Calculate t(z).
5
Let w(g) = g**2 + 2*g. Suppose 3*u - 12 = -0*u. Let t(v) = -4*v**2 + 2*v - 6 + u*v**3 - 3*v**3 + 0. Let j be t(4). Calculate w(j).
8
Suppose 3*y = 3*r + 24, 5*r + 2*y + 26 - 7 = 0. Let f(b) = -b**3 - 5*b**2 + 3*b + 7. What is f(r)?
-8
Let u be -8*(-4)/24*3. Let n = u + -2. Let j(g) = -5*g**2 + 2*g + 1. Determine j(n).
-15
Let i(r) = -r - 1. Let w(x) = 3*x + 3. Let s(m) = -5*i(m) - 2*w(m). Determine s(-1).
0
Let m(l) = -l**3 - 4*l**2 + 3*l - 4. Suppose 2*k - 9 = 4*y + 3, -5*k - y - 14 = 0. Let n(a) = 4*a + 3. Let o be n(k). Determine m(o).
6
Let r = -7 - -3. Let d be 26/(-8) - r/16. Let t(s) = -s**3 - s - 2*s**2 - 2 + 4*s - 2. What is t(d)?
-4
Let g = -43 + 38. Let a(l) = -l**2 - 3*l + 5. Determine a(g).
-5
Let r(z) = -2*z**2 + 2*z + 2. Suppose 10*c = 12*c - 8. What is r(c)?
-22
Let h(b) be the third derivative of -2/3*b**3 + 0 + 0*b - 5/24*b**4 - 2*b**2 + 1/60*b**5. Give h(6).
2
Suppose -